{"id":181,"date":"2021-05-20T05:53:04","date_gmt":"2021-05-20T05:53:04","guid":{"rendered":"https:\/\/saboribericofuengirola.es\/?page_id=181"},"modified":"2021-07-07T07:25:35","modified_gmt":"2021-07-07T07:25:35","slug":"politica-de-cookies","status":"publish","type":"page","link":"https:\/\/saboribericofuengirola.es\/?page_id=181","title":{"rendered":"Pol\u00edtica de cookies"},"content":{"rendered":"\n<p>En cumplimiento con el deber de informaci\u00f3n recogido en el apartado 2\u00ba del art\u00edculo 22 de la Ley 34\/2002, de 11 de Julio, de Servicios de la Sociedad de la Informaci\u00f3n y del Comercio Electr\u00f3nico, la presente cl\u00e1usula de cookies tiene por finalidad informar a los usuarios de manera clara y precisa sobre las cookies que utiliza el dominio web https:\/\/saboribericofuengirola.es, propiedad de Avenida de Mijas, 20 .<\/p>\n\n\n\n<p>Una cookie es un fichero de peque\u00f1o tama\u00f1o que los sitios web env\u00edan al navegador y descargan en su ordenador. Las cookies permiten que la p\u00e1gina web almacene y recupere la informaci\u00f3n sobre su visita, como el idioma y otras opciones, con el fin de mejorar los servicios que se ofrecen y contribuir a tener una mejor experiencia en la navegaci\u00f3n para el usuario.<\/p>\n\n\n\n<p>En el portal web se utilizan diferentes tipos de cookies con distintas finalidades.<\/p>\n\n\n\n<ul class=\"wp-block-list\"><li><strong>Cookies necesarias<\/strong><\/li><\/ul>\n\n\n\n<p>Las cookies necesarias hacen la web utilizable activando funciones b\u00e1sicas como la navegaci\u00f3n en la p\u00e1gina web y el acceso a \u00e1reas seguras de la p\u00e1gina. La p\u00e1gina web no puede funcionar adecuadamente sin estas cookies.<\/p>\n\n\n\n<ul class=\"wp-block-list\"><li><strong>Cookies de preferencias<\/strong><\/li><\/ul>\n\n\n\n<p>Las cookies de preferencias permiten al sitio web recordar informaci\u00f3n que cambia la forma en la que el sitio web se comporta o se muestra, como el idioma preferido o la regi\u00f3n.<\/p>\n\n\n\n<ul class=\"wp-block-list\"><li><strong>Cookies estad\u00edsticas<\/strong><\/li><\/ul>\n\n\n\n<p>Las cookies estad\u00edsticas permiten entender c\u00f3mo los visitantes interact\u00faan en la p\u00e1gina web proporcionando informaci\u00f3n an\u00f3nima.<\/p>\n\n\n\n<ul class=\"wp-block-list\"><li><strong>Cookies de marketing<\/strong><\/li><\/ul>\n\n\n\n<p>Las cookies de marketing se usan para rastrear a los usuarios a trav\u00e9s de las p\u00e1ginas webs con la intenci\u00f3n de mostrarles anuncios que sean relevantes para los usuarios.<\/p>\n\n\n\n<p><strong><u>Cookies utilizadas en la web<\/u><\/strong><\/p>\n\n\n\n<p>A continuaci\u00f3n, se enumeran las cookies empleadas:<\/p>\n\n\n\n<p><strong><u>EMPRESAS &#8211; Cookies utilizadas<\/u><\/strong><\/p>\n\n\n\n<p>Las cookies estad\u00edsticas permiten entender c\u00f3mo los visitantes interact\u00faan en la p\u00e1gina web proporcionando informaci\u00f3n an\u00f3nima.<\/p>\n\n\n\n<figure class=\"wp-block-table\"><table><tbody><tr><td><strong>Nombre<\/strong><\/td><td><strong>Descripci\u00f3n<\/strong><\/td><\/tr><tr><td><strong>_GA<\/strong><\/td><td>Registra una identificaci\u00f3n \u00fanica que se utiliza para generar datos estad\u00edsticos acerca de c\u00f3mo utiliza el visitante el sitio web.<\/td><\/tr><tr><td><strong>_GAT<\/strong><\/td><td>Se utiliza para controlar la tasa de peticiones.<\/td><\/tr><tr><td><strong>_GID<\/strong><\/td><td>Se utiliza para enviar datos a Google Analytics sobre el dispositivo del visitante y su comportamiento. Rastrea al visitante a trav\u00e9s de dispositivos y canales de marketing.<\/td><\/tr><tr><td><strong>_gat_norec<\/strong><\/td><td>Cookies utilizadas por Google Analytics que contiene un identificador an\u00f3nimo usado para distinguir usuarios.<\/td><\/tr><tr><td><strong>CONSENT<\/strong><\/td><td>Almacena el estado de consentimiento de cookies del usuario para el dominio actual.<\/td><\/tr><tr><td><strong>NID<\/strong><\/td><td>Esta cookie es utilizada por Google para almacenar las preferencias del usuario y la informaci\u00f3n durante la visualizaci\u00f3n de las p\u00e1ginas con los mapas de Google.<\/td><\/tr><tr><td><strong>DSID<\/strong><\/td><td>Se trata de una cookie de publicidad para mostrar anuncios m\u00e1s relevantes.<\/td><\/tr><tr><td><strong>CONSENT<\/strong><\/td><td>Contiene un valor generado aleatoriamente \u00fanico que permite a la Plataforma para distinguir navegadores y dispositivos. Esta informaci\u00f3n es utilizada para medir el rendimiento de los anuncios y proporcionar recomendaciones relativas a productos basadas en datos estad\u00edsticos.<\/td><\/tr><tr><td><strong>APISID<\/strong><\/td><td>Al crear o iniciar sesi\u00f3n en una cuenta de Google se almacenan las cookies con el fin de permanecer conectado a esa cuenta de Google al visitar sus servicios de nuevo.<\/td><\/tr><tr><td><strong>3PSID<\/strong><\/td><td>Utilizamos cookies de seguridad para autenticar a los usuarios, evitar el uso fraudulento de credenciales de inicio de sesi\u00f3n y proteger los datos de los usuarios de partes no autorizadas.<\/td><\/tr><tr><td><strong>HSID<\/strong><\/td><td>Utilizamos cookies de seguridad para autenticar a los usuarios, evitar el uso fraudulento de credenciales de inicio de sesi\u00f3n y proteger los datos de los usuarios de partes no autorizadas.<\/td><\/tr><tr><td><strong>SIDCC<\/strong><\/td><td>Esta cookie es utilizada por Google para proveer servicios y extraer informaci\u00f3n an\u00f3nima sobre la navegaci\u00f3n.<\/td><\/tr><tr><td><strong>OGP<\/strong><\/td><td>Esta cookie es utilizada por Google para proveer servicios y extraer informaci\u00f3n an\u00f3nima sobre la navegaci\u00f3n.<\/td><\/tr><tr><td><strong>OTZ<\/strong><\/td><td>Se utiliza para personalizar los anuncios que se muestran en los servicios de Google.<\/td><\/tr><tr><td><strong>SAPISID<\/strong><\/td><td>Estas cookies son utilizadas por Google para almacenar las preferencias del usuario y la informaci\u00f3n durante la visualizaci\u00f3n de las p\u00e1ginas con los mapas de Google en ellos.<\/td><\/tr><tr><td><strong>_gat_rec<\/strong><\/td><td>Cookies utilizadas por Google Analytics que contiene un identificador an\u00f3nimo usado para distinguir usuarios.<\/td><\/tr><tr><td><strong>bku<\/strong><\/td><td>Funcionamiento interno de AddThis.<\/td><\/tr><tr><td><strong>loc<\/strong><\/td><td>Geolocalizaci\u00f3n, que se utiliza para ayudar a los proveedores a determinar d\u00f3nde est\u00e1n geogr\u00e1ficamente ubicados (a nivel de estado) los usuarios que comparten informaci\u00f3n entre s\u00ed.<\/td><\/tr><tr><td><strong>mus<\/strong><\/td><td>Permite a los visitantes de nuestro sitio web compartir sus contenidos en redes sociales.<\/td><\/tr><tr><td><strong>na_id<\/strong><\/td><td>Permite a los sitios web y a sus usuarios compartir f\u00e1cilmente el contenido con los dem\u00e1s, a trav\u00e9s de iconos de intercambio y de los destinos de bookmarking social. Las cookies AddThis se utilizan con el fin de habilitar el contenido para ser compartido. AddThis tambi\u00e9n se utiliza para recopilar informaci\u00f3n sobre c\u00f3mo se comparte contenido del sitio web.<\/td><\/tr><tr><td><strong>na_tc<\/strong><\/td><td>Permite a los sitios web y a sus usuarios compartir f\u00e1cilmente el contenido con los dem\u00e1s, a trav\u00e9s de iconos de intercambio y de los destinos de bookmarking social. Las cookies AddThis se utilizan con el fin de habilitar el contenido para ser compartido. AddThis tambi\u00e9n se utiliza para recopilar informaci\u00f3n sobre c\u00f3mo se comparte contenido del sitio web.<\/td><\/tr><tr><td><strong>act<\/strong><\/td><td>Cookies necesarios para el complemento social de Facebook.<\/td><\/tr><tr><td><strong>c_user<\/strong><\/td><td>Cookies necesarios para el complemento social de Facebook.<\/td><\/tr><tr><td><strong>fr<\/strong><\/td><td>Se trata de la cookie de publicidad principal de Facebook. Se utiliza para ofrecer, analizar y mejorar la relevancia de los anuncios.<\/td><\/tr><tr><td><strong>Pl<\/strong><\/td><td>Cookies necesarios para el complemento social de Facebook.<\/td><\/tr><tr><td><strong>Presence<\/strong><\/td><td>Cookies necesarios para el complemento social de Facebook.<\/td><\/tr><tr><td><strong>Sb<\/strong><\/td><td>Cookies necesarios para el complemento social de Facebook.<\/td><\/tr><tr><td><strong>Spin<\/strong><\/td><td>Cookies de publicidad.<\/td><\/tr><tr><td><strong>Wd<\/strong><\/td><td>Cookies necesarios para el complemento social de Facebook.<\/td><\/tr><tr><td><strong>xs<\/strong><\/td><td>Cookies necesarios para el complemento social de Facebook.<\/td><\/tr><tr><td><strong>locale<\/strong><\/td><td>Esta cookie contiene la configuraci\u00f3n regional de visualizaci\u00f3n del \u00faltimo usuario conectado en este navegador. Esta cookie parece que se establece s\u00f3lo cuando el usuario cierra la sesi\u00f3n.<\/td><\/tr><tr><td><strong>cc_cookie_accept<\/strong><\/td><td>Se utilizan para comprobar si el visitante acepta las cookies.<\/td><\/tr><tr><td><strong>cc_cookie_decline<\/strong><\/td><td>Se utilizan para comprobar si el visitante rechaza las cookies.<\/td><\/tr><tr><td><strong>DS_DAYVO_LIKES<\/strong><\/td><td>Para comprobar si una persona ya le ha dado un &#8216;like&#8217; propietario de Dayvo Sistemas a un elemento<\/td><\/tr><tr><td><strong>ASPXAUTH<\/strong><\/td><td>Se utiliza para almacenar un identificador \u00fanico para la sesi\u00f3n.<\/td><\/tr><tr><td><strong>ASP.NET_SessionId<\/strong><\/td><td>Se utiliza para almacenar un identificador \u00fanico para la sesi\u00f3n.<\/td><\/tr><tr><td><strong>_RequestVerificationToken<\/strong><\/td><td>De la utilizaci\u00f3n de AntiForgeryToken que se utiliza para prevenir ataques de solicitud de falsificacion Cross-Site.<\/td><\/tr><tr><td><strong>tfw_exp<\/strong><\/td><td>Cookie usada por twitter para mostrar publicidad.<\/td><\/tr><tr><td><strong>uid<\/strong><\/td><td>Esta cookie es establecida por CloudFare. Esta cookie se utiliza para identificar clientes individuales detr\u00e1s de una direcci\u00f3n IP compartida y aplicar configuraciones de seguridad por cliente. No corresponde a ninguna identificaci\u00f3n de usuario en la aplicaci\u00f3n web y no almacena ninguna informaci\u00f3n de identificaci\u00f3n personal.<\/td><\/tr><tr><td><strong>uvc<\/strong><\/td><td>Esta cookie se utiliza para medir el n\u00famero y el comportamiento de los visitantes del sitio web de forma an\u00f3nima. Los datos incluyen el n\u00famero de visitas, la duraci\u00f3n promedio de la visita en el sitio web, las p\u00e1ginas visitadas, etc. con el fin de comprender mejor las preferencias del usuario para los anuncios personalizados.<\/td><\/tr><tr><td><strong>1P_JAR<\/strong><\/td><td>Transfiere datos a Google.<\/td><\/tr><tr><td><strong>datr<\/strong><\/td><td>El prop\u00f3sito es identificar el navegador web que se utiliza para conectarse a Facebook independientemente del usuario que ha entrado.<\/td><\/tr><\/tbody><\/table><\/figure>\n\n\n\n<p>Esta informaci\u00f3n se actualizar\u00e1 en la medida que cambien los servicios ofrecidos en este sitio web.<\/p>\n\n\n\n<p><strong>C\u00f3mo modificar la configuraci\u00f3n de las cookies<\/strong><\/p>\n\n\n\n<p>El usuario puede restringir, bloquear o borrar las cookies de Avenida de Mijas, 20 o cualquier otra p\u00e1gina web desde su navegador. En cada navegador la operativa es diferente, puede encontrar c\u00f3mo hacerlo en el men\u00fa de ayuda de su navegador, en el cual se establece el procedimiento para su eliminaci\u00f3n. Para m\u00e1s informaci\u00f3n puede acceder a las siguientes p\u00e1ginas web:<\/p>\n\n\n\n<ul class=\"wp-block-list\"><li>Google Chrome:&nbsp;<a href=\"https:\/\/support.google.com\/chrome\/answer\/95647?co=GENIE.Platform%3DDesktop&amp;hl=es\"><u>https:\/\/support.google.com\/chrome\/answer\/95647?co=GENIE.Platform%3DDesktop&amp;hl=es<\/u><\/a><\/li><li>Mozilla Firefox:&nbsp;<a href=\"https:\/\/support.mozilla.org\/es\/kb\/habilitar-y-deshabilitar-cookies-sitios-web-rastrear-preferencias\"><u>https:\/\/support.mozilla.org\/es\/kb\/habilitar-y-deshabilitar-cookies-sitios-web-rastrear-preferencias<\/u><\/a><\/li><li>Safari:&nbsp;<a href=\"https:\/\/support.apple.com\/es-es\/guide\/safari\/sfri11471\/mac\"><u>https:\/\/support.apple.com\/es-es\/guide\/safari\/sfri11471\/mac<\/u><\/a><\/li><li>Internet Explorer:&nbsp;<a href=\"https:\/\/support.microsoft.com\/es-es\/help\/278835\/how-to-delete-cookie-files-in-internet-explorer\"><u>https:\/\/support.microsoft.com\/es-es\/help\/278835\/how-to-delete-cookie-files-in-internet-explorer<\/u><\/a><\/li><\/ul>\n\n\n\n<p>Es posible que al deshabilitar las cookies la p\u00e1gina web no funcione correctamente o no pueda acceder a determinadas funciones de la misma.<\/p>\n","protected":false},"excerpt":{"rendered":"<p>En cumplimiento con el deber de informaci\u00f3n recogido en el apartado 2\u00ba del art\u00edculo 22 de la Ley 34\/2002, de 11 de Julio, de Servicios de la Sociedad de la Informaci\u00f3n y del Comercio Electr\u00f3nico, la presente cl\u00e1usula de cookies tiene por finalidad informar a los usuarios de manera clara y precisa sobre las cookies [&hellip;]<\/p>\n","protected":false},"author":1,"featured_media":0,"parent":0,"menu_order":0,"comment_status":"closed","ping_status":"closed","template":"templates\/full-width.php","meta":{"footnotes":""},"class_list":["post-181","page","type-page","status-publish","hentry"],"_links":{"self":[{"href":"https:\/\/saboribericofuengirola.es\/index.php?rest_route=\/wp\/v2\/pages\/181","targetHints":{"allow":["GET"]}}],"collection":[{"href":"https:\/\/saboribericofuengirola.es\/index.php?rest_route=\/wp\/v2\/pages"}],"about":[{"href":"https:\/\/saboribericofuengirola.es\/index.php?rest_route=\/wp\/v2\/types\/page"}],"author":[{"embeddable":true,"href":"https:\/\/saboribericofuengirola.es\/index.php?rest_route=\/wp\/v2\/users\/1"}],"replies":[{"embeddable":true,"href":"https:\/\/saboribericofuengirola.es\/index.php?rest_route=%2Fwp%2Fv2%2Fcomments&post=181"}],"version-history":[{"count":1,"href":"https:\/\/saboribericofuengirola.es\/index.php?rest_route=\/wp\/v2\/pages\/181\/revisions"}],"predecessor-version":[{"id":182,"href":"https:\/\/saboribericofuengirola.es\/index.php?rest_route=\/wp\/v2\/pages\/181\/revisions\/182"}],"wp:attachment":[{"href":"https:\/\/saboribericofuengirola.es\/index.php?rest_route=%2Fwp%2Fv2%2Fmedia&parent=181"}],"curies":[{"name":"wp","href":"https:\/\/api.w.org\/{rel}","templated":true}]}}